{"id":154,"date":"2014-11-14T23:02:56","date_gmt":"2014-11-14T23:02:56","guid":{"rendered":"https:\/\/andedidi2.myqnapcloud.com:8081\/WordPress\/?page_id=154"},"modified":"2018-02-15T00:28:24","modified_gmt":"2018-02-14T23:28:24","slug":"wanderwege","status":"publish","type":"page","link":"https:\/\/www.kultur-heimat-offenhausen.at\/WordPress\/?page_id=154","title":{"rendered":"Wanderbares Offenhausen"},"content":{"rendered":"<p><span style=\"font-family: Arial; font-size: medium;\"><a href=\"http:\/\/www.kultur-heimat-offenhausen.at\/WordPress\/wp-content\/uploads\/2018\/02\/wanderkarte_gross.jpg\"><img loading=\"lazy\" decoding=\"async\" class=\"alignleft size-thumbnail wp-image-851\" src=\"http:\/\/www.kultur-heimat-offenhausen.at\/WordPress\/wp-content\/uploads\/2018\/02\/wanderkarte_gross-250x200.jpg\" alt=\"\" width=\"250\" height=\"200\" srcset=\"https:\/\/www.kultur-heimat-offenhausen.at\/WordPress\/wp-content\/uploads\/2018\/02\/wanderkarte_gross-250x200.jpg 250w, https:\/\/www.kultur-heimat-offenhausen.at\/WordPress\/wp-content\/uploads\/2018\/02\/wanderkarte_gross-300x240.jpg 300w, https:\/\/www.kultur-heimat-offenhausen.at\/WordPress\/wp-content\/uploads\/2018\/02\/wanderkarte_gross-768x614.jpg 768w, https:\/\/www.kultur-heimat-offenhausen.at\/WordPress\/wp-content\/uploads\/2018\/02\/wanderkarte_gross-1024x819.jpg 1024w\" sizes=\"auto, (max-width: 250px) 100vw, 250px\" \/><\/a>Vier &#8222;offizielle&#8220; Wanderwege werden vom Verein kultur.heimat Offenhausen betreut. Die Wegewarte Fritz Lichtenwagner und Ernst Gr\u00fcblbauer haben das Wegenetz weiter verbessert und mit neuen Markierungen versehen. Gemeinsam mit der Marktgemeinde wurde beim Gemeindeamt eine \u00dcbersichtstafel angebracht, zudem gibt es eine Wanderkarte. Sie ist am Gemeindeamt sowie den Gasth\u00e4usern im Ort kostenlos erh\u00e4ltlich.&nbsp;<\/span><\/p>\n","protected":false},"excerpt":{"rendered":"<p>Vier &#8222;offizielle&#8220; Wanderwege werden vom Verein kultur.heimat Offenhausen betreut. Die Wegewarte Fritz Lichtenwagner und Ernst Gr\u00fcblbauer haben das Wegenetz weiter verbessert und mit neuen Markierungen versehen. Gemeinsam mit der Marktgemeinde wurde beim Gemeindeamt eine \u00dcbersichtstafel angebracht, zudem gibt es eine Wanderkarte. Sie ist am Gemeindeamt sowie den Gasth\u00e4usern im Ort kostenlos erh\u00e4ltlich.&nbsp;<\/p>\n","protected":false},"author":1,"featured_media":0,"parent":2,"menu_order":1,"comment_status":"closed","ping_status":"closed","template":"","meta":{"footnotes":""},"categories":[15,14,16],"tags":[],"class_list":["post-154","page","type-page","status-publish","hentry","category-platzerl","category-wandern","category-wanderwege"],"_links":{"self":[{"href":"https:\/\/www.kultur-heimat-offenhausen.at\/WordPress\/index.php?rest_route=\/wp\/v2\/pages\/154","targetHints":{"allow":["GET"]}}],"collection":[{"href":"https:\/\/www.kultur-heimat-offenhausen.at\/WordPress\/index.php?rest_route=\/wp\/v2\/pages"}],"about":[{"href":"https:\/\/www.kultur-heimat-offenhausen.at\/WordPress\/index.php?rest_route=\/wp\/v2\/types\/page"}],"author":[{"embeddable":true,"href":"https:\/\/www.kultur-heimat-offenhausen.at\/WordPress\/index.php?rest_route=\/wp\/v2\/users\/1"}],"replies":[{"embeddable":true,"href":"https:\/\/www.kultur-heimat-offenhausen.at\/WordPress\/index.php?rest_route=%2Fwp%2Fv2%2Fcomments&post=154"}],"version-history":[{"count":3,"href":"https:\/\/www.kultur-heimat-offenhausen.at\/WordPress\/index.php?rest_route=\/wp\/v2\/pages\/154\/revisions"}],"predecessor-version":[{"id":853,"href":"https:\/\/www.kultur-heimat-offenhausen.at\/WordPress\/index.php?rest_route=\/wp\/v2\/pages\/154\/revisions\/853"}],"up":[{"embeddable":true,"href":"https:\/\/www.kultur-heimat-offenhausen.at\/WordPress\/index.php?rest_route=\/wp\/v2\/pages\/2"}],"wp:attachment":[{"href":"https:\/\/www.kultur-heimat-offenhausen.at\/WordPress\/index.php?rest_route=%2Fwp%2Fv2%2Fmedia&parent=154"}],"wp:term":[{"taxonomy":"category","embeddable":true,"href":"https:\/\/www.kultur-heimat-offenhausen.at\/WordPress\/index.php?rest_route=%2Fwp%2Fv2%2Fcategories&post=154"},{"taxonomy":"post_tag","embeddable":true,"href":"https:\/\/www.kultur-heimat-offenhausen.at\/WordPress\/index.php?rest_route=%2Fwp%2Fv2%2Ftags&post=154"}],"curies":[{"name":"wp","href":"https:\/\/api.w.org\/{rel}","templated":true}]}}